rt -5 (base 15) to base 7.
-5
-1 (base 10) to base 2
-1
What is -3 (base 4) in base 5?
-3
Convert -4 (base 5) to base 13.
-4
What is 4 (base 16) in base 3?
11
What is -102 (base 12) in base 8?
-222
27 (base 8) to base 13
1a
What is 2 (base 13) in base 8?
2
What is -100 (base 2) in base 15?
-4
-120 (base 5) to base 3
-1022
-1 (base 14) to base 3
-1
What is -3 (base 12) in base 5?
-3
Convert 23 (base 11) to base 2.
11001
Convert 166 (base 15) to base 4.
11001
6 (base 9) to base 12
6
Convert 50 (base 11) to base 2.
110111
What is b (base 14) in base 4?
23
Convert 4 (base 13) to base 12.
4
What is b (base 13) in base 4?
23
-1022 (base 3) to base 8
-43
What is 22 (base 11) in base 3?
220
What is 11 (base 5) in base 6?
10
Convert -10 (base 7) to base 16.
-7
Convert 175 (base 9) to base 8.
225
Convert 6 (base 11) to base 9.
6
Convert 1 (base 13) to base 16.
1
Convert 0 (base 9) to base 8.
0
0 (base 5) to base 4
0
6 (base 13) to base 16
6
What is c (base 14) in base 16?
c
-3 (base 5) to base 4
-3
What is 55 (base 9) in base 5?
200
What is -104 (base 9) in base 7?
-151
Convert 3 (base 4) to base 9.
3
What is 1 (base 7) in base 6?
1
3 (base 13) to base 9
3
What is -8 (base 10) in base 3?
-22
Convert -433 (base 7) to base 16.
-dc
-11001 (base 3) to base 9
-131
-7 (base 12) to base 13
-7
What is 4 (base 10) in base 8?
4
-8b (base 12) to base 2
-1101011
Convert b (base 14) to base 4.
23
56 (base 9) to base 6
123
What is -3 (base 8) in base 14?
-3
2 (base 6) to base 15
2
Convert 212 (base 3) to base 8.
27
-6 (base 16) to base 6
-10
What is -20 (base 13) in base 15?
-1b
Convert 30 (base 7) to base 10.
21
31 (base 5) to base 4
100
-52 (base 13) to base 9
-74
-16 (base 9) to base 3
-120
Convert -23 (base 4) to base 5.
-21
What is 0 (base 15) in base 11?
0
What is 1100 (base 2) in base 3?
110
Convert -32 (base 4) to base 11.
-13
What is -12 (base 11) in base 4?
-31
Convert 2 (base 7) to base 15.
2
What is -2 (base 7) in base 2?
-10
Convert 34 (base 7) to base 9.
27
-5 (base 16) to base 2
-101
What is 82 (base 11) in base 7?
156
-6 (base 9) to base 15
-6
Convert -3 (base 4) to base 10.
-3
-200 (base 3) to base 6
-30
Convert -9 (base 15) to base 4.
-21
5 (base 9) to base 11
5
What is 0 (base 13) in base 9?
0
Convert 4 (base 8) to base 9.
4
-6 (base 15) to base 14
-6
What is 12100 (base 3) in base 4?
2100
Convert -8 (base 13) to base 11.
-8
3 (base 14) to base 15
3
2 (base 12) to base 10
2
-33 (base 4) to base 14
-11
2 (base 11) to base 6
2
What is -2 (base 10) in base 6?
-2
What is -5 (base 11) in base 7?
-5
Convert 0 (base 4) to base 16.
0
-5 (base 8) to base 2
-101
12 (base 11) to base 10
13
What is -14 (base 8) in base 3?
-110
-110 (base 3) to base 12
-10
What is 7 (base 15) in base 3?
21
What is -3 (base 8) in base 4?
-3
-4 (base 12) to base 16
-4
0 (base 13) to base 3
0
What is -2 (base 10) in base 6?
-2
Convert 1 (base 2) to base 12.
1
What is -21 (base 4) in base 14?
-9
Convert 0 (base 6) to base 4.
0
What is 3 (base 4) in base 2?
11
11 (base 3) to base 11
4
Convert 202 (base 3) to base 6.
32
What is 1 (base 16) in base 6?
1
Convert -2 (base 6) to base 3.
-2
56 (base 8) to base 16
2e
-22 (base 9) to base 11
-19
Convert 141 (base 8) to base 2.
1100001
What is -1 (base 5) in base 16?
-1
What is 11 (base 6) in base 13?
7
-15 (base 12) to base 5
-32
-35 (base 13) to base 12
-38
What is -113 (base 4) in base 15?
-18
Convert -130 (base 4) to base 13.
-22
-2 (base 11) to base 13
-2
9 (base 16) to base 4
21
-3 (base 11) to base 4
-3
1035 (base 6) to base 3
22212
Convert 77 (base 9) to base 3.
2121
Convert -101 (base 2) to base 4.
-11
What is 6 (base 11) in base 2?
110
What is -4 (base 9) in base 15?
-4
-4 (base 13) to base 12
-4
-3 (base 8) to base 16
-3
Convert 3 (base 4) to base 5.
3
24 (base 5) to base 13
11
-43 (base 5) to base 8
-27
-1 (base 13) to base 2
-1
What is 0 (base 8) in base 15?
0
What is -1a (base 16) in base 14?
-1c
31 (base 5) to base 11
15
What is 1232 (base 4) in base 2?
1101110
e (base 15) to base 3
112
Convert -1 (base 16) to base 5.
-1
What is 8 (base 14) in base 5?
13
0 (base 16) to base 9
0
What is -1 (base 13) in base 12?
-1
Convert -10001101 (base 2) to base 3.
-12020
What is -34 (base 12) in base 4?
-220
What is 4 (base 13) in base 12?
4
Convert 13 (base 4) to base 3.
21
Convert -1 (base 5) to base 16.
-1
Convert -16 (base 12) to base 7.
-24
What is 20 (base 12) in base 16?
18
Convert 102 (base 8) to base 5.
231
-15 (base 8) to base 13
-10
What is -3 (base 9) in base 16?
-3
What is 4 (base 8) in base 12?
4
135 (base 7) to base 3
2210
What is -45 (base 11) in base 16?
-31
Convert -1223 (base 4) to base 9.
-128
1 (base 2) to base 7
1
What is -5 (base 14) in base 10?
-5
Convert 1 (base 11) to base 14.
1
What is 1111 (base 3) in base 14?
2c
-35 (base 8) to base 5
-104
Convert 20 (base 11) to base 8.
26
Convert -3 (base 12) to base 8.
-3
5 (base 10) to base 9
5
What is -33 (base 16) in base 6?
-123
What is 5 (base 15) in base 8?
5
Convert 4 (base 11) to base 2.
100
Convert 0 (base 8) to base 7.
0
Convert -5 (base 6) to base 15.
-5
-22 (base 3) to base 10
-8
Convert 7 (base 10) to base 4.
13
What is -6 (base 16) in base 8?
-6
-104 (base 7) to base 3
-1222
-1 (base 11) to base 13
-1
What is 3 (base 5) in base 16?
3
Convert 2 (base 14) to base 16.
2
What is 9 (base 12) in base 10?
9
What is 16 (base 16) in base 3?
211
What is 0 (base 15) in base 9?
0
What is 110 (base 2) in base 12?
6
Convert -30 (base 5) to base 10.
-15
Convert 3 (base 10) to base 15.
3
Convert 3 (base 6) to base 3.
10
2 (base 11) to base 8
2
314 (base 5) to base 2
1010100
-2 (base 8) to base 10
-2
What is -110 (base 3) in base 4?
-30
47 (base 8) to base 6
103
What is -10100 (base 2) in base 3?
-202
Convert 2 (base 13) to base 7.
2
-422 (base 7) to base 12
-158
b (base 14) to base 13
b
What is -1011 (base 2) in base 6?
-15
Convert 104 (base 9) to base 13.
67
What is -3 (base 14) in base 6?
-3
Convert 52 (base 11) to base 10.
57
What is -2 (base 3) in base 6?
-2
Convert 1001010 (base 2) to base 15.
4e
What is -5 (base 14) in base 4?
-11
What is -1 (base 4) in base 15?
-1
2 (base 15) to base 6
2
-102 (base 15) to base 10
-227
What is -3 (base 13) in base 2?
-11
Convert 17 (base 15) to base 16.
16
42 (base 10) to base 9
46
Convert 11 (base 2) to base 3.
10
Convert -333 (base 4) to base 9.
-70
-54 (base 6) to base 11
-31
Convert -1 (base 5) to base 6.
-1
Convert -2 (base 13) to base 11.
-2
2 (base 5) to base 10
2
1110 (base 2) to base 11
13
-4 (base 12) to base 3
-11
4 (base 8) to base 4
10
Convert -19 (base 10) to base 13.
-16
-1404 (base 5) to base 6
-1021
34 (base 15) to base 7
100
-1a (base 12) to base 6
-34
What is 4 (base 16) in base 9?
4
Convert -10001 (base 2) to base 10.
-17
What is -79 (base 14) in base 2?
-1101011
What is -1 (base 4) in base 5?
-1
Convert 1101100 (base 2) to base 8.
154
-1 (base 3) to base 16
-1
Convert -10 (base 16) to base 6.
-24
-32 (base 11) to base 9
-38
17 (base 16) to base 11
21
What is -101 (base 2) in base 11?
-5
What is 1 (base 8) in base 9?
1
-2 (base 6) to base 9
-2
Convert 15 (base 15) to base 16.
14
Convert -14b (base 14) to base 6.
-1115
What is 37 (base 16) in base 5?
210
Convert -2 (base 9) to base 2.
-10
-5 (base 6) to base 5
-10
Convert 2 (base 9) to base 11.
2
What is -13 (base 8) in base 6?
-15
-3 (base 7) to base 9
-3
What is 120 (base 7) in base 10?
63
What is 1 (base 9) in base 7?
1
Convert -5c (base 13) to base 10.
-77
Convert 1 (base 12) to base 14.
1
What is -14 (base 13) in base 8?
-21
What is -225 (base 8) in base 10?
-149
-11 (base 2) to base 15
-3
-20 (base 3) to base 7
-6
Convert 8a (base 11) to base 12.
82
38 (base 9) to base 6
55
What is -1131 (base 4) in base 10?
-93
What is -41 (base 8) in base 11?
-30
Convert 127 (base 10) to base 4.
1333
What is -12 (base 13) in base 15?
-10
What is 1203 (base 5) in base 2?
10110010
1 (base 10) to base 3
1
What is 11 (base 2) in base 15?
3
Convert 1 (base 11) to base 6.
1
32 (base 15) to base 2
101111
Convert -2c (base 13) to base 9.
-42
Convert 5 (base 10) to base 9.
5
-111 (base 4) to base 13
-18
Convert -11 (base 3) to base 4.
-10
What is -104 (base 5) in base 2?
-11101
6c (base 15) to base 12
86
Convert -11 (base 7) to base 15.
-8
-4 (base 9) to base 14
-4
What is -331 (bas